 when 36131 is divided by 7033.
966
Calculate the remainder when 2247724 is divided by 976.
972
Calculate the remainder when 1252590 is divided by 208763.
12
Calculate the remainder when 114334 is divided by 4505.
1709
What is the remainder when 472858 is divided by 52532?
70
Calculate the remainder when 6088903 is divided by 2020.
623
What is the remainder when 610510 is divided by 6361?
6215
Calculate the remainder when 6811725 is divided by 231.
228
What is the remainder when 16298074 is divided by 122?
94
What is the remainder when 9479695 is divided by 5547?
5419
What is the remainder when 34809816 is divided by 511?
496
What is the remainder when 3394 is divided by 3252?
142
What is the remainder when 4080192 is divided by 1807?
1793
What is the remainder when 4952907 is divided by 67?
66
Calculate the remainder when 856722 is divided by 856693.
29
What is the remainder when 224631677 is divided by 416?
413
What is the remainder when 39607 is divided by 45?
7
Calculate the remainder when 1132938 is divided by 303.
21
Calculate the remainder when 3279481 is divided by 49.
9
Calculate the remainder when 165824 is divided by 161268.
4556
Calculate the remainder when 3098270 is divided by 17115.
455
Calculate the remainder when 262707 is divided by 867.
6
What is the remainder when 75330 is divided by 39?
21
Calculate the remainder when 940046 is divided by 1596.
2
What is the remainder when 42388910 is divided by 18446?
2
Calculate the remainder when 15616 is divided by 15338.
278
Calculate the remainder when 71622 is divided by 6451.
661
Calculate the remainder when 81247 is divided by 366.
361
Calculate the remainder when 14902176 is divided by 138.
108
Calculate the remainder when 384878 is divided by 13252.
570
What is the remainder when 139566500 is divided by 3578628?
8
Calculate the remainder when 244484 is divided by 20368.
68
Calculate the remainder when 39012869 is divided by 276.
269
What is the remainder when 644409 is divided by 46?
41
What is the remainder when 94667 is divided by 1412?
63
What is the remainder when 91040 is divided by 45371?
298
Calculate the remainder when 193843 is divided by 16149.
55
What is the remainder when 474917 is divided by 15828?
77
What is the remainder when 11565604 is divided by 14640?
4
What is the remainder when 10149388 is divided by 1844?
12
Calculate the remainder when 161393 is divided by 40294.
217
What is the remainder when 10685623 is divided by 122823?
22
What is the remainder when 273551 is divided by 15747?
5852
What is the remainder when 270670 is divided by 11263?
358
Calculate the remainder when 36800 is divided by 855.
35
What is the remainder when 10193397 is divided by 350?
347
Calculate the remainder when 1528730 is divided by 32524.
102
What is the remainder when 1001463 is divided by 113?
57
What is the remainder when 15536 is divided by 3883?
4
Calculate the remainder when 31913 is divided by 15795.
323
What is the remainder when 108412 is divided by 24557?
10184
Calculate the remainder when 3356 is divided by 132.
56
Calculate the remainder when 145817 is divided by 72809.
199
Calculate the remainder when 470149 is divided by 12053.
82
Calculate the remainder when 15087 is divided by 14108.
979
Calculate the remainder when 125430 is divided by 3791.
327
Calculate the remainder when 54589233 is divided by 10917846.
3
Calculate the remainder when 561483 is divided by 121.
43
Calculate the remainder when 3102454 is divided by 387803.
30
What is the remainder when 4075354 is divided by 1358431?
61
Calculate the remainder when 99634 is divided by 2633.
2213
Calculate the remainder when 140618 is divided by 3184.
522
Calculate the remainder when 11777222 is divided by 512053.
3
What is the remainder when 343723 is divided by 591?
352
What is the remainder when 197735 is divided by 400?
135
What is the remainder when 3309 is divided by 2046?
1263
Calculate the remainder when 2396605 is divided by 24208.
13
Calculate the remainder when 4225047 is divided by 3690.
3687
What is the remainder when 7806812 is divided by 267?
266
What is the remainder when 1550614 is divided by 5743?
4
Calculate the remainder when 1722305 is divided by 8699.
8602
Calculate the remainder when 781923 is divided by 165.
153
Calculate the remainder when 473260 is divided by 777.
67
What is the remainder when 13913758 is divided by 1435?
1433
Calculate the remainder when 327482 is divided by 169.
129
What is the remainder when 15943599 is divided by 42?
21
Calculate the remainder when 62081632 is divided by 35.
32
Calculate the remainder when 13846414 is divided by 160.
14
What is the remainder when 314309 is divided by 33552?
12341
Calculate the remainder when 13245327 is divided by 2176.
15
Calculate the remainder when 1269996 is divided by 6.
0
What is the remainder when 1685899 is divided by 187305?
154
What is the remainder when 187266 is divided by 1592?
1002
Calculate the remainder when 3023973 is divided by 489.
486
Calculate the remainder when 147819869 is divided by 49273285.
14
What is the remainder when 11254580 is divided by 223?
216
Calculate the remainder when 2034655 is divided by 133.
21
What is the remainder when 288582899 is divided by 5791?
5787
Calculate the remainder when 8669536 is divided by 5.
1
Calculate the remainder when 41054251 is divided by 55.
51
What is the remainder when 503747 is divided by 5193?
26
What is the remainder when 2362 is divided by 419?
267
What is the remainder when 199959981 is divided by 833?
830
What is the remainder when 5161187 is divided by 737309?
24
Calculate the remainder when 2556110 is divided by 895.
885
What is the remainder when 7643851 is divided by 27202?
89
What is the remainder when 23650204 is divided by 17944?
12
Calculate the remainder when 293909 is divided by 73474.
13
What is the remainder when 20610718 is divided by 3303?
3301
Calculate the remainder when 514491 is divided by 514472.
19
What is the remainder when 141154 is divided by 953?
110
What is the remainder when 28001 is divided by 938?
799
What is the remainder when 1173565 is divided by 130381?
136
Calculate the remainder when 40332238 is divided by 180.
178
Calculate the remainder when 18220370 is divided by 1610.
0
Calculate the remainder when 148692832 is divided by 664.
656
Calculate the remainder when 304736 is divided by 2745.
41
What is the remainder when 32169 is divided by 15678?
813
What is the remainder when 253290 is divided by 12423?
4830
What is the remainder when 125147 is divided by 31134?
611
What is the remainder when 562689 is divided by 562446?
243
What is the remainder when 106032 is divided by 1655?
112
What is the remainder when 35195346 is divided by 6968?
6946
Calculate the remainder when 369259 is divided by 863.
758
Calculate the remainder when 22841876 is divided by 7613952.
20
What is the remainder when 17519501 is divided by 407430?
11
What is the remainder when 48714362 is divided by 6?
2
Calculate the remainder when 479218386 is divided by 3407.
3394
Calculate the remainder when 6068658 is divided by 36.
30
Calculate the remainder when 350975 is divided by 914.
913
Calculate the remainder when 7359644 is divided by 92.
12
Calculate the remainder when 25766024 is divided by 271221.
29
Calculate the remainder when 12199213 is divided by 15.
13
What is the remainder when 16308 is divided by 15320?
988
What is the remainder when 377583 is divided by 1174?
729
Calculate the remainder when 2162698 is divided by 2596.
230
What is the remainder when 751048283 is divided by 868?
867
What is the remainder when 139806 is divided by 1341?
342
What is the remainder when 43929 is divided by 38?
1
Calculate the remainder when 953971 is divided by 43362.
7
Calculate the remainder when 1650424 is divided by 68.
64
What is the remainder when 3802863 is divided by 3?
0
What is the remainder when 1571286 is divided by 27?
21
What is the remainder when 27534450 is divided by 6?
0
What is the remainder when 699825 is divided by 2045?
435
Calculate the remainder when 149639 is divided by 156.
35
What is the remainder when 193736 is divided by 160?
136
Calculate the remainder when 39606989 is divided by 81.
14
Calculate the remainder when 309752 is divided by 10